mposite number?
True
Let v(j) = -12*j**2 + 50*j + 34. Let l(q) = 6*q**2 - 24*q - 17. Let s(h) = 13*l(h) + 6*v(h). Is s(-10) prime?
False
Suppose 2*m = -376*f + 373*f + 4335499, 3*m - 6503250 = -5*f. Is m a composite number?
True
Suppose g - 2*q = -67, -110 = 4*g + 2*q + 148. Is (4 - 2)*4413*g/(-30) prime?
False
Let d(f) = 7*f + 6. Let x be d(-2). Let g be 0/(x/2 + 3). Suppose v - 40 - 145 = g. Is v a composite number?
True
Let d be 1 + 1*(2 - 1). Suppose -9*f = -6*f + 3*a - 6, 0 = a. Is (-5478)/f*4/(-24)*d a composite number?
True
Let d(k) be the third derivative of 239*k**4/4 - 19*k**3/6 + k**2. Suppose 2*p = 5*p - 9. Is d(p) a prime number?
True
Suppose 3*f = -4*o + 800629, 46*o = 42*o - 2*f + 800626. Is o composite?
True
Let g(n) = 8*n**3 + n**2 - 2*n - 15. Let v = 94 - 84. Is g(v) prime?
False
Let d(b) be the second derivative of b**5/20 + 35*b**4/12 - 4*b**3 - 31*b**2/2 + 2*b - 169. Is d(-27) a prime number?
True
Suppose -231474 = -41*k + 2677. Is k a composite number?
False
Let w = 22 - 18. Suppose -5*x + 7979 + 2121 = 0. Suppose 3*v - 4401 = -5*m, -4*v + 1504 = w*m - x. Is m a composite number?
True
Let z(p) be the second derivative of -21*p**5/20 - p**4/4 + p**3/6 + 2*p**2 + p + 9. Is z(-3) a prime number?
True
Let l(p) = 6473*p**2 + 643*p + 1925. Is l(-3) composite?
True
Let a be ((1 - 0) + 0)*(-2382)/(-2). Suppose -4*t - 4 = 0, -2*h + 2*t - a = t. Is (-1)/(-2) + h/(-8)*9 composite?
True
Suppose -2*c + 1130 = 8*c. Suppose u + c = -2*o - 0*o, 3*o + 5*u = -166. Let z = 0 - o. Is z prime?
False
Let u = -146464 - -238811. Is u a prime number?
True
Let b be 3/(((-8)/(32/(-6)))/3356). Suppose 458 + b = 6*z. Is z composite?
True
Let l = 43 - 40. Suppose 3*j = u - 4*u - 6, -l*u - 5 = 4*j. Suppose -p + 1153 = -2*o, -5*o - j = -11. Is p a prime number?
False
Let r(i) = -11*i**3 + 3*i**2 + 20*i - 25*i - 2 - 38*i**3 - 2. Is r(-3) a composite number?
False
Suppose -2*r - 2*r - 2*q = 77974, -5*r - 97490 = -5*q. Let v = r + 28314. Is v prime?
True
Let o(t) = 30*t**3 + 6*t**2 - 23*t + 0 + 3 - 6 + 7. Is o(7) composite?
False
Let a(w) = -777*w + 20. Suppose 0 = -9*g + 13*g + 24. Is a(g) prime?
False
Let f(q) = 4*q**3 + 4*q**2 + 4*q + 3. Let b be f(-2). Let l = 6160 + -24470. Is b/(-14) - l/4 composite?
True
Suppose -38391 - 60027 + 2762 = -8*z. Is z a prime number?
False
Let w(c) = 307*c**2 - 24*c - 29. Is w(11) a composite number?
True
Let r = 62056 + 167377. Is r a prime number?
True
Suppose 3*t - 5*k = 80 + 26, 2*t = -5*k + 54. Let a = t + -29. Suppose -634 = -3*p + 5*h, a*p - 7*p - 5*h = -787. Is p composite?
True
Let p(n) = 38*n**2 - 248*n + 2111. Is p(34) prime?
True
Suppose -7 = -2*m + 3*d, -m = 2*m - d. Is -2*((3/(-6) - m) + -1027) composite?
False
Suppose 513*o + 35 = 520*o. Suppose 0 = -4*h - o*w + 2104, -143 - 1428 = -3*h - 2*w. Is h a composite number?
False
Let r(f) = -20*f - 1100. Let b be r(0). Let t = b + 1989. Is t prime?
False
Suppose 15*p + 86 = 17*p. Suppose p*g - 41*g = 12886. Is g composite?
True
Suppose 34*r - 4466891 = -80*r + 12231487. Is r composite?
False
Suppose 3*u + 33*o - 29*o = 565213, 2*u = -2*o + 376808. Is u prime?
False
Let g(c) = 2*c**3 - 97*c**2 + 124*c - 88. Is g(59) a composite number?
False
Let v(y) = 200*y**2 - 235*y + 1492. Is v(75) a composite number?
False
Let r(l) = -l**3 - 5*l**2 + 4*l - 9. Let a be r(-6). Suppose -a*c = 10 - 4. Is (503/(2/(-2)))/(c/2) a prime number?
True
Let v(p) = -p**2 - 4*p + 4. Let s be v(-7). Let o = 6 + s. Let q = o - -102. Is q a composite number?
True
Let c(x) = 15*x**2 + 48*x - 2*x**2 + 77 - 37*x. Is c(-27) composite?
False
Suppose -4*o = -8*s - 386852, 4*s - 483488 = -5*o + 3*s. Is o composite?
True
Suppose -2*i + 2998880 + 1477762 = -5*w, 0 = 4*i + w - 8953240. Is i a composite number?
False
Let g(y) = 11*y**2 - y - 47. Let z be -4 - ((-116)/6 - (-26)/78). Is g(z) prime?
False
Suppose c + 58 = 4*l + 1, -4*l + 66 = 2*c. Let o be (-52 - -56)/((-8)/(-1690)). Suppose -10*y + l*y = o. Is y composite?
True
Let p(f) = 9 + 92*f + 1 - 7. Let c be (3 - 32/12)/(2/42). Is p(c) prime?
True
Suppose -553*w + 560*w = 215117. Is w a composite number?
True
Suppose -33*l - 7655 = -38*l. Suppose -4*y - 16 = 0, 2*y - l - 3319 = -q. Is (1 - 1/2)*q a composite number?
True
Let s(g) = 240*g + 191. Is s(158) a composite number?
True
Suppose -3*w - 2*q = -148205, 29*w = 25*w + 2*q + 197588. Is w a composite number?
True
Suppose -3*a - 44 = -2*t, -5*t + 47 = a - 4*a. Let q(m) = -m**3 - 8*m**2 + 34*m - 13. Is q(a) composite?
True
Suppose 488057 - 2673555 = -29*b. Suppose 3*y = 4*u - b, 0 = -5*u + 4*y + 39749 + 54454. Is u a composite number?
False
Let v = 1422065 + -827028. Is v a prime number?
True
Suppose -h + 3*h + j = 711, -5*j - 1099 = -3*h. Let s = h - 1277. Let l = -308 - s. Is l a prime number?
False
Suppose -4*u = 4*g, 0 = -6*g + 2*g + 2*u. Suppose g = 5*l - 12391 - 9264. Is l a composite number?
True
Suppose 52*k = 46*k + 116748. Let i = k + -13855. Is i prime?
False
Is ((-14646186)/(-31 + 13))/(-1 + (4 - 2)) composite?
False
Let c(s) = -s**2 - 17*s + 138. Let m be c(0). Suppose -m*k - 127432 = -146*k. Is k a composite number?
True
Let s be ((-18)/(-6))/((-12)/(-16)). Suppose 3*k = -z + 12, 5*k + s*z - z - 20 = 0. Suppose 316 = 4*f - 3*n, -k*n + 348 = 4*f + n. Is f prime?
False
Suppose 281820 = 92*p - 78*p. Suppose 5*x - p = -5*i + x, -16098 = -4*i - 2*x. Is i a prime number?
False
Suppose 0 = 5*p + 25, 2*v - 5*p + 1548 = -4325. Let x = v - -5551. Suppose 5*w - w = -3*a + x, w - 866 = -a. Is a prime?
False
Let x(d) = 4*d**2 - 3*d - 20. Let h be x(-15). Suppose -4*p = 2*y - h - 217, -1703 = -3*y - 4*p. Let s = -208 + y. Is s prime?
True
Suppose -q - 25 = -j, q - 53 = -2*j - 3. Let l = 30 - j. Suppose -18 = -c - 2*x + 139, l*c = -5*x + 795. Is c a prime number?
False
Let t(d) = 2*d + 6. Suppose -3*z = 5*v - 25, 21 = 4*v - 5*z + 1. Let o be t(v). Suppose 1055 = o*w - 11*w. Is w a composite number?
False
Let o(b) = 220*b**2 + 34*b + 15. Let w be o(-5). Let l = w + -2742. Is l composite?
True
Let i = -472 - -482. Let w(m) be the third derivative of m**6/60 + m**5/30 - 3*m**4/8 + 19*m**3/6 - 8*m**2. Is w(i) composite?
False
Let q(z) = 2*z**2 + 24*z + 21. Let y be q(-11). Is -3 - (-2611 + 0 + y) a composite number?
False
Suppose 471905 = 5*b - 5*q, -5*b + 14124 = -q - 457805. Is b a prime number?
False
Let u = 5765 + -1966. Is u a composite number?
True
Is 21*10801552/(-24)*8/(-16) composite?
True
Suppose 0 = 3*d - f, -21*d + 25*d = -3*f. Suppose 2*m + m - 35871 = 0. Is 1/(0 + d + 11/m) a prime number?
True
Let d = 109 - 105. Suppose x - d = 0, 0 = 3*v + v + 3*x - 10740. Is -2 + v/4*22/33 a prime number?
False
Let p(c) = 7*c**2 - 101*c - 157. Let x(t) = 3*t + 41. Let w be x(2). Is p(w) composite?
False
Suppose -2012 = -3*q - 5*x, 0 = 2*q + 3*q + 2*x - 3347. Is q composite?
True
Let m be (-3228)/(0 + -4)*1. Suppose m = -2*k + 3*k - q, -5*k + 4017 = 4*q. Let y = -116 + k. Is y prime?
False
Let f = 257 + -101. Suppose 151*c - f*c + 9465 = 0. Is c composite?
True
Let d = -55 - -56. Is d/((-2)/(-1907)) + (-6)/(-4) composite?
True
Suppose 6682 = -v + 5*l, 17181 = -5*v - 4*l - 16229. Let r = v - -12825. Is r composite?
False
Let r be ((-16)/8 + -4)/((-4)/6). Suppose r*g = g + 62552. Is g a prime number?
False
Is 18 + -9 + 17/((-153)/(-20556)) a prime number?
True
Let v be (2 + 55)/(2/14). Let q(j) = -12*j + 149. Let t be q(12). Suppose -957 = -3*x - t*w + 200, 0 = x + 5*w - v. Is x a composite number?
False
Suppose 4*r - 3*g = 3, 3*r - 6*g = -2*g - 3. Suppose f - 3*a = -3*f - 336, 0 = -f - 2*a - 73. Is 4/(-18) + r/(f/(-4029)) prime?
True
Let v = -80 + 82. Suppose -v*w = -6*w - n + 4791, 3591 = 3*w + 3*n. Is w prime?
False
Let z = 590 + -1820. Let b = 3659 + z. Suppose 5*t = 4*a + b, 2*t - 2*a = t + 487. Is t composite?
True
Let q(d) = 47*d**2 - 5*d + 2. Let r be q(-4). Suppose 39 + r = 3*g. Is g composite?
False
Let t(d) = 40*d**2 - 408*d - 76 + d**3 + 398*d - 52. Is t(-37) prime?
True
Let v = -308 - -313. Suppose 2*c - 25343 - 10412 = -v*h, 0 = -h + 5*c + 7151. Is h a composite number?
False
Suppose 25238 = 4*h + 2*j, 50*j = -3*h + 47*j + 18924. Is h composite?
False
Let h = 54342 - -56281. Is h a prime number?
True
Suppose -5*k + 4*h = -429, -2*k + 341 = 2*k - h. Suppose m + k = 561. Suppose 5*y - 519